u = -41. What is the highest common factor of x and p?
13
Let c be (-2 - -5)*1/3. Let z be c + (-2 + 0)*-4. Let y be (-32)/(-6)*z/6. What is the greatest common factor of 8 and y?
8
Let p(y) = y**2 - 5*y + 2. Let c be p(6). Let k be (13 - 1)/((-2)/(-4)). What is the greatest common divisor of k and c?
8
Suppose 4*m - 86 = -3*u, -5 = 4*m - 1. What is the highest common factor of u and 3?
3
Let i = 24 - 14. Calculate the highest common divisor of i and 80.
10
Suppose -4*r + 12 = 0, 0 = -2*b - 0*r + 2*r - 182. Let j = 20 - b. Calculate the greatest common divisor of j and 12.
12
Suppose -4*y + 2*u + 6 + 118 = 0, -2*u + 62 = 2*y. Let w be 2 + -1 + y + 0. What is the highest common factor of 48 and w?
16
Suppose 4*a + 0*z - 22 = z, -4*z = 8. Suppose -41 = -a*l - 1. What is the greatest common divisor of l and 24?
8
Let s(g) = 7*g**2 - g. Let k be (-6)/33 - (-24)/11. Let j be s(k). Calculate the highest common factor of 65 and j.
13
Let z = 10 - 6. Calculate the greatest common factor of z and 68.
4
Let p(m) = m + 1. Let f be p(6). Calculate the greatest common divisor of 28 and f.
7
Suppose -l = 7*l - 1088. What is the greatest common factor of l and 17?
17
Let q be (-9232)/(-44) + (-8)/(-44). What is the greatest common factor of 42 and q?
42
Let b(p) = -2*p - 2. Suppose -4*y - 14 = -2. Let j be b(y). What is the highest common divisor of j and 12?
4
Let j be 6*(1 + 2/(-6)). Suppose -4*m = -28 + j. What is the highest common divisor of 3 and m?
3
Let l(r) = r**3 - 3*r**2 + 2*r - 2. Let b be l(2). Let g be (-4)/b - 3*-5. What is the highest common factor of 119 and g?
17
Suppose -i - 10 = -3*m, -3*m - 3*i = -0*i - 18. Let a(h) = -5*h - 2. Let s be (8/(-10))/(2/15). Let n be a(s). What is the highest common factor of n and m?
4
Let p(v) = 15*v - 13. Let g be p(6). Suppose 0 = -2*q - 10 + 24. Calculate the highest common divisor of g and q.
7
Suppose -4*g = h - 7*g - 8, 3*h = 3*g + 48. Calculate the greatest common divisor of 4 and h.
4
Suppose 3*a + 12 = s - 0*s, -12 = -3*s + a. Let k = s - -1. Calculate the greatest common factor of k and 32.
4
Suppose 0 = 2*i + i - 21. What is the greatest common factor of i and 14?
7
Suppose 0 = 3*s - 7*s + 320. Let t(r) = -20*r. Let h be t(-2). Suppose h = i + 3*i. Calculate the highest common divisor of s and i.
10
Let n be ((-14)/4)/(1/(-2)). Suppose j - m = 2*m, j - 2*m - 1 = 0. Suppose -4*i - 16 = -j*h - 119, -15 = -5*h. Calculate the highest common factor of i and n.
7
Let b = 47 + -20. Calculate the greatest common factor of b and 27.
27
Let t(c) = -c**3 - 3*c**2 + 5*c + 4. Let o be t(-4). Suppose o = 3*p + 2*p. Suppose -b + 2*b - 16 = p. Calculate the greatest common divisor of 40 and b.
8
Let t(q) = q**3 + 7*q**2 + 7*q + 3. Let p be t(6). What is the highest common factor of 57 and p?
57
Let l = -4 + 11. Let h(b) = 3*b - l*b - 26*b. Let f be h(-1). Calculate the greatest common divisor of 10 and f.
10
Suppose 6*x - x = 0, -3*x + 84 = 2*u. Let n = u - 23. Calculate the greatest common divisor of n and 171.
19
Let s be 5/2*36/30. Let r be s/(-3)*3*-2. Suppose 3*u - 2*q = 48, q + 0 = 3. What is the highest common divisor of u and r?
6
Let v be (8*-1)/4*1. Suppose a + 2*m = -6, -3*a + 2*m - 2 = -0*m. Let g be 3 - (-2 + a/v). Calculate the greatest common divisor of 16 and g.
4
Let y be (-2160)/3*6/(-9). What is the greatest common divisor of y and 48?
48
Let d(i) = i**2 + 4*i - 10. Let x be d(6). Suppose 3*v - 115 = 5. Suppose -4*m + v = -0*m. What is the greatest common factor of x and m?
10
Let b be -6*(5/(-3) - (0 + 3)). What is the greatest common factor of 308 and b?
28
Suppose -132 = -4*p + 3*r, 3*p + 7*r - 4*r - 120 = 0. What is the highest common factor of 324 and p?
36
Let r(n) = -n**3 + 7*n**2 - 4*n - 5. Let p be r(5). Suppose -2*u - p = 5*z - 117, 37 = u - 2*z. Let l = u + -20. What is the highest common divisor of l and 3?
3
Let n = 10 - 11. Let h = 5 + n. Calculate the greatest common factor of 20 and h.
4
Let o(y) = -10*y + 10. Let v be o(-3). What is the highest common divisor of v and 360?
40
Suppose d = -2*q - d + 268, -q + 130 = 3*d. Calculate the highest common factor of q and 8.
8
Let p = 65 + 25. Calculate the greatest common divisor of 36 and p.
18
Suppose 2*y + 54 = 5*y. Let m = y + 15. What is the highest common divisor of m and 22?
11
Let y = 114 + -58. Suppose -2*q - 3 = -3*q. Suppose -p - q*p + 28 = 0. Calculate the greatest common factor of p and y.
7
Let i(b) = 15*b**2 - 4*b - 12. Let w be i(-3). Calculate the highest common factor of w and 90.
45
Suppose 0 = 2*a + 2*a + 3*k + 48, -5*a + 4*k = 29. Let n be -75 + -3*3/a. Let w = -10 - n. Calculate the greatest common divisor of w and 8.
8
Suppose -6*x + 63 = x. Calculate the highest common divisor of 6 and x.
3
Let v = 19 - 12. Let b be 2/(-1 - 15/(-9)). Suppose 62 = b*w - 85. What is the highest common divisor of v and w?
7
Let w be (74/(-8))/(57/12 + -5). What is the highest common factor of 74 and w?
37
Let m = 132 + -88. Calculate the highest common factor of 44 and m.
44
Let k = 173 - 93. Let x be 9/4*k/3. Calculate the greatest common divisor of x and 12.
12
Suppose -4*o + 9*o = x + 37, -4*o + 5*x = -17. What is the greatest common factor of o and 88?
8
Suppose 2*u - 5*u = -153. Suppose 4*l + 8 = -0*l. Let a be l*u/2*-1. Calculate the greatest common divisor of 34 and a.
17
Let s be (-5 - -3) + 6 + 0. Let t be 12/(0 + 6/s). Let a = -6 + 14. What is the highest common divisor of a and t?
8
Suppose -316 - 134 = -6*s. Let w(q) = -6*q. Let g be (-35)/28*(0 - -4). Let x be w(g). What is the highest common factor of x and s?
15
Let m be 25 - -1*(-6)/(-3). Let i = 55 - m. Calculate the highest common divisor of 4 and i.
4
Let i = -2 - -4. Let t = 65 + -43. Calculate the highest common factor of i and t.
2
Let i(c) = -c**2 + 9*c + 1. Let t be i(8). Let q = 41 + -23. Calculate the greatest common factor of q and t.
9
Let j(c) = -105*c. Let m = 2 - 3. Let u be j(m). Let q(h) = 16*h - 1. Let i be q(1). Calculate the highest common factor of u and i.
15
Let b be ((-10)/3)/((-4)/114). Suppose -5*w + b + 65 = 0. Calculate the greatest common factor of w and 8.
8
Let t = -2 - 5. Let u be (-359)/t - 6/21. What is the greatest common divisor of u and 34?
17
Let k(v) = -v - 2. Let u be (-18)/2*(10 - 9). Let a be k(u). What is the greatest common factor of a and 35?
7
Suppose 4*p - 4*i = 20, 0 = -5*p + p - i + 15. Let b = 6 - p. Suppose 0*v + b*v = 136. What is the highest common factor of v and 17?
17
Suppose 3*l + 21 = w + 6, 5*l = -w + 15. What is the greatest common factor of w and 6?
3
Suppose -2*l = -3*l + 2. Suppose 3*s = -l*s + 90. What is the greatest common factor of 6 and s?
6
Suppose 4*x = 144 + 100. Suppose 4*h - 122 = -2*w, -w + h = -x + 9. Let s = 25 - 14. Calculate the highest common factor of s and w.
11
Let a(s) = 3*s**3 + 2*s**2 - 9*s - 2. Let x be a(5). What is the highest common factor of x and 42?
42
Suppose -230 = -3*s - 4*m, 5*s = 3*m + m + 362. Calculate the highest common divisor of 2 and s.
2
Suppose 4*p + 57 = 3*v, v + 0*v + 3*p = 19. Let t = v - 9. Calculate the highest common factor of t and 110.
10
Let g = -53 + 95. What is the greatest common factor of g and 6?
6
Let o(n) = -2*n - 5*n**3 - 3 + n**3 + 0*n**3 - 4*n**2. Let d = -4 + 1. Let v be o(d). Calculate the greatest common divisor of v and 30.
15
Let c = 111 + -67. Calculate the highest common divisor of c and 4.
4
Suppose -3*n - 8 = -2*t - 0*t, -3*n + t = 10. Let h be (-226)/(-4) + 2/n. Let w be ((-18)/(-12))/(6/h). What is the highest common factor of 7 and w?
7
Let y(m) = 8*m + 2. Let t be y(2). What is the highest common factor of 198 and t?
18
Suppose -12*v - 930 = -18*v. Calculate the greatest common factor of 31 and v.
31
Let h(i) = i + 14. Let t be h(7). What is the greatest common divisor of t and 42?
21
Let u = 25 + -15. Suppose 1 - 433 = 4*g. Let s = 158 + g. Calculate the highest common divisor of s and u.
10
Let y be (-2)/(-8)*-2*(-33 + -3). Calculate the greatest common factor of 9 and y.
9
Suppose -2*b - 5 = 1. Let n be 3*b/(-9)*17. Let v be (-2)/10 + 2560/50. Calculate the greatest common divisor of n and v.
17
Let d(l) = l**2 + l. Let v be d(-4). Let x(o) = o**2 - 8*o - 4. Let t be x(8). Let y be (-481)/t - (-5)/(-20). Calculate the gre